 -9. Let u(b) = -274*b - 6. Let g be u(c). Suppose 44 = -6*w + g. What is the tens digit of w?
8
Let u(y) = 7*y**2 - 12*y - 33. Let n be u(-11). Suppose 8*r = n - 282. Let x = r - 51. What is the units digit of x?
2
What is the tens digit of (-5)/1 - 329/(-63) - (-69652)/198?
5
Let k = 3 - -2. Let u(q) = -4*q**3 - 2*q**2 + 4*q - 2. Let p(v) = 17*v**3 + 10*v**2 - 17*v + 7. Let x(g) = -2*p(g) - 9*u(g). What is the hundreds digit of x(k)?
1
Suppose -210 = 33*m - 48*m. Let l(h) = 10*h**2 - 32*h + 19. What is the units digit of l(m)?
1
Let z = 6048 + -1802. What is the thousands digit of z?
4
Let o = 351 - 341. What is the thousands digit of o*60*(62/4 - 13)?
1
Let z(b) = 2*b**2 + 21*b - 9. Suppose -2*x - 15 = 3. Let t be z(x). What is the tens digit of (-2)/9 - (-4)/t*-452?
5
Let u = 4 + -2. Let i(r) = 24*r**2 + 15*r + 21. Let w be i(-5). Suppose 0 = -u*p + 8*p - w. What is the units digit of p?
1
Suppose 4*c - 50 = 3*g, -g - 7 = 4*c - 17. What is the tens digit of -2*(2/g - (-4246)/(-220))?
3
Let s(h) = 7725*h + 3208. What is the tens digit of s(4)?
0
Suppose -b - 7844 = -38*b. What is the hundreds digit of 1553/4 + (-53)/b?
3
What is the tens digit of 16/104 - (76974/(-78) + -8)?
9
Let p = -50 + 55. Let r(l) = 27*l**2 - 12*l + 13. What is the tens digit of r(p)?
2
Let b(x) = 4 - 5 - 5 - 5*x + 3. Let g be b(-3). Suppose g = -12*t + 516. What is the tens digit of t?
4
Suppose 0 = -6*j - j + 98. Let i(m) = -5 - 2 + 10*m + j + 1. What is the units digit of i(10)?
8
Let k = -1 - -5. Let x(c) = 8 - 47*c + 4 + 58*c + 2. What is the units digit of x(k)?
8
Suppose 0 = 5*m + 4*k + 3220, m + m - 4*k = -1288. Let l = -446 - m. What is the hundreds digit of l?
1
Let q be 0/(7 + (-6)/2 - 3). Suppose 6*v - 359 + 149 = q. What is the units digit of v?
5
Suppose -5*h + 51 = x, -2*h - 68 = -x - 2*x. Let b be (-8)/(-2) - (-13)/(x/(-4)). Suppose b*i + 8 = 0, 2*i + 3*i - 485 = -5*s. What is the units digit of s?
1
Let p = 22 - -442. Suppose q - 5 = 0, -2*q + p = 4*u - 6*q. What is the hundreds digit of u?
1
Let h = -4091 + 1987. Let x = -1101 - h. What is the units digit of x?
3
Suppose -2*q + 4*a = -104, 0 = 3*q - 3*a - 2*a - 152. Let k = q + 60. What is the hundreds digit of k?
1
Suppose -543*s = -545*s - 1742. Let d = -600 - s. What is the tens digit of d?
7
Suppose 2*c = 7*c + 3*w + 54, -c = -4*w + 20. What is the hundreds digit of (6 - (-400)/c)*-15?
4
Suppose -10*h = 8*h - 144. Suppose 0 = -9*g + h*g + 506. What is the hundreds digit of g?
5
Suppose -6*k - 4*d + 20219 = 7211, -5*k = -2*d - 10824. What is the units digit of k?
6
Suppose -9*g - 20*g = -51736. Suppose 5*p + v = g - 24, -3*v = 5*p - 1750. What is the tens digit of p?
5
Let n(z) = z**3 - 2*z**2 + 3*z - 1. Let k(r) = r**3 - 12*r**2 + 2. Let u be k(12). Let q be n(u). Suppose 0 = 7*l - q - 72. What is the units digit of l?
1
Let n(v) = v**2 + 24*v - 18. Let s(l) be the third derivative of -l**5/60 + l**3/6 + 3*l**2. Let m(f) = n(f) + 2*s(f). What is the units digit of m(20)?
4
Let z(f) = 40*f**2 - 37*f - 49. What is the thousands digit of z(25)?
4
Suppose 3*q - 3*y = 2*q + 82, 4*y + 78 = q. Suppose -q - 44 = -6*z. Let f = z + 205. What is the tens digit of f?
2
Suppose 8526 = 8*z - 16050. What is the hundreds digit of z?
0
Let q(y) = -1426*y - 49. What is the hundreds digit of q(-4)?
6
Suppose 1 = 5*n + 1. Suppose n = -5*m + 3 - 43. Let s(a) = 2*a**2 + 2*a + 1. What is the units digit of s(m)?
3
Let h(m) = 2*m**2 - 2*m + 5. Let s(g) = 2*g**2 - 5*g + 11. Let y(c) = 5*h(c) - 3*s(c). What is the tens digit of y(-5)?
6
Suppose c + 4*c - 10 = 0. Suppose -j + 44 = 3*n, 4*j - c*j - 23 = -n. Suppose n*u - 1414 = 6*u. What is the tens digit of u?
0
Let y be 6/(-2)*(-50)/(-15). Let t(u) be the second derivative of u**4/12 + 7*u**3/6 - 13*u**2/2 - 11*u - 1. What is the units digit of t(y)?
7
What is the hundreds digit of ((-1475)/(-5))/(51/1275)?
3
Let p(b) = 174*b - 10. Let l be p(1). Let g = l - -37. What is the units digit of g?
1
Let l(m) = 6*m - 32. Let q be l(11). Let c = q + -40. Let s(j) = 3*j**2 + 10*j + 9. What is the tens digit of s(c)?
5
Suppose 0 = x - 4*x + 69. Let j = x + -22. What is the tens digit of (-594)/(-18) - 3*j?
3
Suppose -3*k - 847 = 5*a - 141, 0 = -4*a + 5*k - 587. Let u = 259 - a. What is the hundreds digit of u?
4
Suppose -176464 - 797280 = -68*x + 194972. What is the hundreds digit of x?
1
What is the hundreds digit of 512372/20 - (1 - (-49)/(-35))?
6
Let i(z) = -8675*z - 388. What is the thousands digit of i(-4)?
4
Let v(w) = -w**2 + 22*w - 37. Let o be v(20). Suppose -3*d + 4112 = 4*k, -4*d + 5*d - 1375 = o*k. What is the units digit of d?
2
Let o(s) = -s**3 + 2*s**2 - s + 1. Let c be o(1). Suppose 6*k - 4*m + 23 = k, 3*k + 5*m - c = 0. What is the tens digit of k/(-6) - (-146)/4?
3
What is the hundreds digit of 215 - 225 - (-1*2 + -31591)?
5
Suppose 9*w - 6*w + x - 210 = 0, -350 = -5*w + x. Suppose 5*a + s + 4*s - 425 = 0, -4*s + w = a. What is the units digit of a?
0
Suppose 0 = -1057*x + 1015*x + 1812846. What is the thousands digit of x?
3
Let o be -2*((-30)/7 + 16/56). Suppose -4*j + 4*a + 5472 = o*a, -5*j + 6820 = a. What is the units digit of j?
3
Suppose 5*r - 25 = 0, 3*o + o - r = 1223. What is the tens digit of o + (-8 - -2)/(-1)?
1
Suppose 3017*i - 3004*i = 85904. What is the hundreds digit of i?
6
Let j = 3286 - 2309. What is the units digit of j?
7
What is the units digit of 28/(756/(-81))*4546/(-6)?
3
Let v(l) = 504*l + 2870. What is the units digit of v(31)?
4
Suppose 5 - 9 = -2*b + h, 20 = -b - 5*h. Suppose b = -18*a + 23187 - 6969. What is the hundreds digit of a?
9
Let x(t) = 5*t**2 + 34*t + 39. Let k be ((-1)/(-4))/((-45)/(-2340)). What is the units digit of x(k)?
6
Suppose -x + 3*g + 25297 = 0, -g = 4*x - 13255 - 87881. What is the tens digit of x?
8
Let p(h) = 9*h - 31. Let x be p(7). Suppose 5*v - 13 = x. Suppose 140 = v*w - 76. What is the units digit of w?
4
Let o(d) = 85*d + 21. Let r be o(-4). Let t = -188 - r. What is the tens digit of t?
3
Suppose -151*u + 165*u = 87360. Suppose -11*c = c - u. What is the tens digit of c?
2
Suppose -5*c - 38 = w, -2*c = w - 2*w - 31. Let a(l) = -2*l**2 - 10*l - 23. Let x be a(-11). Let g = w - x. What is the units digit of g?
2
Suppose 2*m + 2*z = 18932 + 25908, 3*z = 4*m - 89687. Suppose -m = -24*d + 1891. What is the hundreds digit of d?
0
Suppose 328*c = -101*c + 271319 + 3307828. What is the units digit of c?
3
Let k = -232 + 236. Suppose 3566 = 5*j + 48*v - 44*v, 3*v - 2852 = -k*j. What is the hundreds digit of j?
7
Suppose 7*v = 3*v + 8124. Suppose 3*m - v = -m + a, 4*m + 3*a = 2051. What is the tens digit of m?
0
Let v be ((-6)/21*-7)/((-2)/(-171)). Suppose 1279 = 2*f - v. What is the tens digit of f?
2
Let k = 32733 + -20822. What is the tens digit of k?
1
Let m = 604 - 1068. Let u = m + 793. What is the units digit of u?
9
What is the units digit of -7 + -4*(-27684)/16 - -8?
2
Suppose -39*w = 12*w - 653506 - 1853348. What is the units digit of w?
4
Let i(p) = -5*p**3 + p**2 - 3*p - 4. Let k be i(-2). Suppose -z - v = -k, -v - 54 = -z - 10. What is the hundreds digit of (-36)/z - 2562/(-15)?
1
Let f = -11370 + 17058. What is the thousands digit of f?
5
Suppose 14*u - 1860 - 3012 = 0. Let w = -174 + u. What is the tens digit of w?
7
Let b = 20526 - 14036. What is the tens digit of b?
9
Suppose -6*f + 170 + 118 = 0. Suppose 8*v = -4*v + f. Suppose v*x + 732 = 16*x. What is the tens digit of x?
6
Suppose 75247 = 5*q - 2*a, -16*a - 45173 = -3*q - 21*a. What is the ten thousands digit of q?
1
Let b be ((-60)/(-35))/(2/14). Let j be (18/b)/(6/1336). Suppose -2*k = -2*s + 25 - 191, 5*s = 4*k - j. What is the units digit of k?
1
Let z(o) = o**3 - 43*o**2 + 72*o - 275. What is the hundreds digit of z(43)?
8
Let b(k) be the third derivative of -7*k**4/8 + 13*k**3/6 - 18*k**2. Let u be b(11). What is the units digit of (-1)/((13/(-52))/(u/(-8)))?
9
Suppose -30*o = -35*o - 5. Let l(k) = -7054*k**3 + 2*k**2 + 2*k + 1. Let d be l(o). What is the hundreds digit of 9/(-24) + d/40?
1
Let l be 598 + (10/25*5 - -2). Suppose 4*d + 6 = l. What is the tens digit of d?
4
Let v(n) = -391*n + 153*n - 593*n - 13. What is the units digit of v(-2)?
9
Let j be (-3)/(-6)*24 + -6. What is the tens digit of 5109/15 - j/10?
4
What is the 